{"id":7253,"date":"2023-11-25T15:04:34","date_gmt":"2023-11-25T14:04:34","guid":{"rendered":"https:\/\/pesquerabedoya.com\/?page_id=7253"},"modified":"2023-12-13T17:58:56","modified_gmt":"2023-12-13T16:58:56","slug":"zonas-de-cobertura","status":"publish","type":"page","link":"https:\/\/pesquerabedoya.com\/?page_id=7253","title":{"rendered":"Zonas de Cobertura"},"content":{"rendered":"\t\t<div data-elementor-type=\"wp-page\" data-elementor-id=\"7253\" class=\"elementor elementor-7253\">\n\t\t\t\t<div class=\"elementor-element elementor-element-77f3fcb e-flex e-con-boxed e-con e-parent\" data-id=\"77f3fcb\" data-element_type=\"container\" data-e-type=\"container\">\n\t\t\t\t\t<div class=\"e-con-inner\">\n\t\t\t\t<div class=\"elementor-element elementor-element-0c95c03 elementor-widget elementor-widget-google_maps\" data-id=\"0c95c03\" data-element_type=\"widget\" data-e-type=\"widget\" data-widget_type=\"google_maps.default\">\n\t\t\t\t<div class=\"elementor-widget-container\">\n\t\t\t\t\t\t\t<div class=\"elementor-custom-embed\">\n\t\t\t<iframe loading=\"lazy\"\n\t\t\t\t\tsrc=\"https:\/\/maps.google.com\/maps?q=Bogot%C3%A1%2C%20pesquera%20bedoya&t=m&z=15&output=embed&iwloc=near\"\n\t\t\t\t\ttitle=\"Bogot\u00e1, pesquera bedoya\"\n\t\t\t\t\taria-label=\"Bogot\u00e1, pesquera bedoya\"\n\t\t\t><\/iframe>\n\t\t<\/div>\n\t\t\t\t\t\t<\/div>\n\t\t\t\t<\/div>\n\t\t\t\t\t<\/div>\n\t\t\t\t<\/div>\n\t\t<div class=\"elementor-element elementor-element-cb329b6 e-flex e-con-boxed e-con e-parent\" data-id=\"cb329b6\" data-element_type=\"container\" data-e-type=\"container\">\n\t\t\t\t\t<div class=\"e-con-inner\">\n\t\t\t\t<div class=\"elementor-element elementor-element-8c8e54a elementor-widget elementor-widget-text-editor\" data-id=\"8c8e54a\" data-element_type=\"widget\" data-e-type=\"widget\" data-widget_type=\"text-editor.default\">\n\t\t\t\t<div class=\"elementor-widget-container\">\n\t\t\t\t\t\t\t\t\t<p>Navega por nuestra p\u00e1gina y descubre las \u00e1reas que cubrimos, desde las concurridas calles del norte de Bogot\u00e1 hasta los tranquilos paisajes de los municipios cercanos. Con Pesquera Bedoya, puedes confiar en que te llevaremos los mejores productos marinos directamente a tu puerta, brind\u00e1ndote una experiencia culinaria incomparable sin salir de casa.<\/p><p><strong>Bienvenidos a Pesquera Bedoya: Del Mar a tu Mesa, Donde T\u00fa Est\u00e9s en Bogot\u00e1 y sus Alrededores<\/strong><\/p><p>En Pesquera Bedoya, nos enorgullece llevar la frescura del mar directamente a tu hogar, y estamos emocionados de anunciar nuestra amplia cobertura de domicilios en la ciudad de Bogot\u00e1 y sus alrededores. Desde los encantos de la zona norte hasta los pintorescos municipios colindantes como Cota, Ch\u00eda, Cajic\u00e1 y La Calera, extendemos nuestras redes para asegurarnos de que experimentes la calidad excepcional de nuestros productos, est\u00e9s donde est\u00e9s.<\/p><p><strong>Directo desde el pac\u00edfico hasta tu hogar: Tu Satisfacci\u00f3n es Nuestra Prioridad<br \/><\/strong><br \/>En Pesquera Bedoya, entendemos la importancia de la conveniencia, por eso hemos expandido nuestra cobertura hasta la zona aleda\u00f1a del reconocido centro comercial Plaza de las Am\u00e9ricas. Queremos que disfrutes de nuestros productos frescos y deliciosos, sin importar d\u00f3nde te encuentres en esta vibrante ciudad. \u00a1Descubre la frescura, calidad y comodidad con Pesquera Bedoya, porque mereces lo mejor en cada bocado!<\/p><p><strong>\u00a0<\/strong><\/p>\t\t\t\t\t\t\t\t<\/div>\n\t\t\t\t<\/div>\n\t\t\t\t\t<\/div>\n\t\t\t\t<\/div>\n\t\t\t\t<\/div>\n\t\t","protected":false},"excerpt":{"rendered":"<p>Navega por nuestra p\u00e1gina y descubre las \u00e1reas que cubrimos, desde las concurridas calles del norte de Bogot\u00e1 hasta los tranquilos paisajes de los municipios cercanos. Con Pesquera Bedoya, puedes confiar en que te llevaremos los mejores productos marinos directamente a tu puerta, brind\u00e1ndote una experiencia culinaria incomparable sin salir de casa. Bienvenidos a Pesquera [&hellip;]<\/p>\n","protected":false},"author":2,"featured_media":0,"parent":0,"menu_order":0,"comment_status":"closed","ping_status":"closed","template":"elementor_header_footer","meta":{"footnotes":""},"class_list":["post-7253","page","type-page","status-publish","hentry"],"jetpack_sharing_enabled":true,"_links":{"self":[{"href":"https:\/\/pesquerabedoya.com\/index.php?rest_route=\/wp\/v2\/pages\/7253","targetHints":{"allow":["GET"]}}],"collection":[{"href":"https:\/\/pesquerabedoya.com\/index.php?rest_route=\/wp\/v2\/pages"}],"about":[{"href":"https:\/\/pesquerabedoya.com\/index.php?rest_route=\/wp\/v2\/types\/page"}],"author":[{"embeddable":true,"href":"https:\/\/pesquerabedoya.com\/index.php?rest_route=\/wp\/v2\/users\/2"}],"replies":[{"embeddable":true,"href":"https:\/\/pesquerabedoya.com\/index.php?rest_route=%2Fwp%2Fv2%2Fcomments&post=7253"}],"version-history":[{"count":13,"href":"https:\/\/pesquerabedoya.com\/index.php?rest_route=\/wp\/v2\/pages\/7253\/revisions"}],"predecessor-version":[{"id":7507,"href":"https:\/\/pesquerabedoya.com\/index.php?rest_route=\/wp\/v2\/pages\/7253\/revisions\/7507"}],"wp:attachment":[{"href":"https:\/\/pesquerabedoya.com\/index.php?rest_route=%2Fwp%2Fv2%2Fmedia&parent=7253"}],"curies":[{"name":"wp","href":"https:\/\/api.w.org\/{rel}","templated":true}]}}